{"id":23463,"date":"2026-04-29T20:36:44","date_gmt":"2026-04-29T18:36:44","guid":{"rendered":"https:\/\/www.gastro-pacht.de\/gastronomie\/?post_type=property&#038;p=23463"},"modified":"2026-04-29T21:39:13","modified_gmt":"2026-04-29T19:39:13","slug":"restaurant-zu-verpachten","status":"publish","type":"property","link":"https:\/\/www.gastro-pacht.de\/gastronomie\/immobilien\/restaurant-zu-verpachten\/","title":{"rendered":"Restaurant in St. Peter Ording zu verpachten\/verkaufen"},"content":{"rendered":"<p>Daten und Fakten f\u00fcr Verpachtung:<\/p>\n<div class=\"\">\n<div id=\":p8\" class=\"ii gt\">\n<div id=\":p7\" class=\"a3s aiL\">\n<div id=\"avWBGd-20\">\n<div dir=\"auto\">\n<p>Restaurant in St. Peter Ording<\/p>\n<p>im EG eines Wohn- und Gesch\u00e4ftshauses im OT Dorf<\/p>\n<p>25826 St. Peter Ording<\/p>\n<p>Kreis Nordfriesland, Schleswig-Holstein, Deutschland<\/p>\n<p>FOTOS<\/p>\n<ul>\n<li>Gastronomiebetrieb mit zugeh\u00f6rigen Sozialr\u00e4umen.<\/li>\n<li>Gewerbefl\u00e4che: 300,00 m&#8217;.<\/li>\n<li>Betriebsart: Restaurant, Caf\u00e9, Bistro.<\/li>\n<li>2021 wurde der G\u00e4stebereich modernisiert und neu eingerichtet.<\/li>\n<li>Das derzeit vorhandene Inventar geh\u00f6rt zum Pachtumfang.<br \/>\nK\u00fcchenger\u00e4te vorhanden. Lediglich Erg\u00e4nzungen im Bereich P\u00fct&amp;Pann, Geschirr, Gl\u00e4ser usw. n\u00f6tig.<\/li>\n<li>Ausreichende Parkpl\u00e4tze f\u00fcr G\u00e4ste und Mitarbeiter.<\/li>\n<li>Carportanlage mit integriertem Abstellbereich.<\/li>\n<li>Brauereifrei.<\/li>\n<li>Verf\u00fcgbar ab sofort.<\/li>\n<li>Laufzeit Pachtvertrag verhandelbar.<\/li>\n<li>Pachtzins verhandelbar.<\/li>\n<li>Direkte Nachbarschaft zu einer Reitanlage, was zus\u00e4tzlichen Publikumsverkehr mit sich bringt.<\/li>\n<li>In gefragter Lage am Vorlanddeich, Bushaltestellen im Nahbereich.<\/li>\n<li>Der Ort hat rund 4.000 Einwohnern, befindet sich an der Westspitze der Halbinsel Eiderstedt und geh\u00f6rt zu den bekanntesten Urlaubsorten an der deutschen Nordseek\u00fcste.<\/li>\n<li>Der weitl\u00e4ufige Sandstrand, der sich \u00fcber ca. 12 km L\u00e4nge und bis zu 2 km Breite erstreckt &#8211; ein Anziehungspunkt f\u00fcr Erholungssuchende, Wassersportler und Naturfreunde, die im Besonderen auch \u00fcber die Zugeh\u00f6rigkeit zum Nationalpark Schleswig-Holsteinisches Wattenmeer sch\u00e4tzen.<\/li>\n<\/ul>\n<p>Auch Kauf des gesamten Objektes m\u00f6glich!<\/p>\n<p>Verkauf: Preis auf Anfrage \u20ac<\/p>\n<p>Positiv beschiedene Bauvoranfrage f\u00fcr Umbau in Ferienwohnungen. bla bla<\/p>\n<p>Email an: <a href=\"mailto:Immobilie-am-Deich@t-online.de\" target=\"_blank\" rel=\"noopener\">Immobilie-am-Deich@t-online.de<\/a><\/p>\n<\/div>\n<\/div>\n<\/div>\n<\/div>\n<\/div>\n","protected":false},"excerpt":{"rendered":"<p>Daten und Fakten f\u00fcr Verpachtung: Restaurant in St. Peter Ording im EG eines Wohn- und Gesch\u00e4ftshauses im OT Dorf 25826 St. Peter Ording Kreis Nordfriesland, Schleswig-Holstein, Deutschland FOTOS Gastronomiebetrieb mit zugeh\u00f6rigen Sozialr\u00e4umen. Gewerbefl\u00e4che: 300,00 m&#8217;. Betriebsart: Restaurant, Caf\u00e9, Bistro. 2021 wurde der G\u00e4stebereich modernisiert und neu eingerichtet. Das derzeit vorhandene Inventar geh\u00f6rt zum Pachtumfang. K\u00fcchenger\u00e4te [&hellip;]<\/p>\n","protected":false},"author":6207,"featured_media":23507,"parent":0,"menu_order":0,"template":"","property_type":[467,153,170,168],"property_status":[35,34],"property_feature":[122,126,74],"property_label":[38],"property_country":[87],"property_state":[466],"property_city":[458],"property_area":[420],"class_list":["post-23463","property","type-property","status-publish","has-post-thumbnail","hentry","property_type-ferienwohnungen","property_type-gastronomie","property_type-restaurant","property_type-restaurant-gaststaette","property_status-zu-verkaufen","property_status-zu-verpachten","property_feature-kueche","property_feature-theke","property_feature-wifi","property_label-guter-zustand","property_country-deutschland","property_state-schleswig-holstein","property_city-st-peter-ording","property_area-nordfriesland"],"aioseo_notices":[],"property_meta":{"fave_show_price_placeholder":["0"],"fave_additional_features_enable":["enable"],"fave_featured":["1"],"houzez_featured_listing_date":["2026-04-29 21:20:00"],"fave_loggedintoview":["0"],"houzez_geolocation_lat":["54.30417"],"houzez_geolocation_long":["8.65111"],"fave_property_location":["54.30417,8.65111,14"],"fave_property_map":["1"],"fave_property_map_street_view":["show"],"fave_property_id":["23463"],"fave_payment_status":["not_paid"],"fave_agent_display_option":["agent_info"],"_eael_post_view_count":["25"],"houzez_total_property_views":["25"],"houzez_views_by_date":["a:3:{s:10:\"04-28-2026\";i:1;s:10:\"04-29-2026\";i:20;s:10:\"04-30-2026\";i:4;}"],"houzez_recently_viewed":["2026-04-30 06:57:12"],"_elementor_page_assets":["a:0:{}"],"_edit_last":["1"],"_edit_lock":["1777492224:1"],"fave_single_top_area":["global"],"fave_single_content_area":["global"],"sib_push_meta_box_present":["1"],"sib_push_send_notification":["0"],"sib_push_send_notification_delay_seconds":[null],"sib_push_target_tags":[null],"sib_push_target_segment_ids":["@ALL"],"sib_push_target_brevo_segment_ids":[null],"sib_push_target_brevo_list_ids":[null],"sib_push_utm_source":[null],"sib_push_utm_medium":[null],"sib_push_utm_campaign":[null],"sib_push_utm_term":[null],"sib_push_utm_content":[null],"_aioseo_title":[null],"_aioseo_description":[null],"_aioseo_keywords":["a:0:{}"],"_aioseo_og_title":[""],"_aioseo_og_description":[""],"_aioseo_og_article_section":[""],"_aioseo_og_article_tags":["a:0:{}"],"_aioseo_twitter_title":[""],"_aioseo_twitter_description":[""],"cmplz_hide_cookiebanner":[""],"houzez_manual_expire":["checked"],"_houzez_expiration_date":["1808937540"],"_houzez_expiration_date_options":["a:1:{s:2:\"id\";i:23463;}"],"_houzez_expiration_date_status":["saved"],"fave_property_year":["2021"],"fave_innensitzplc3a4tze":["60"],"fave_auc39fensitzplc3a4tze":["40"],"fave_gastraumflc3a4che":["140"],"fave_grundstc3bccksflc3a4che":["1038"],"fave_ausstattung":["Vollinventarisiert"],"fave_brauereifrei":["Ja"],"fave_parkplc3a4tze":["20"],"fave_verfc3bcgbar-ab":["sofort"],"fave_status":["Geschlossen"],"fave_objektlage":["1A"],"fave_nebenkosten":["800"],"fave_property_zip":["25826"],"fave_property_map_address":["St. Pezter Ording"],"fave_property_address":["St. Pezter Ording"],"fave_energy_class":["E"],"_thumbnail_id":["23507"],"fave_agents":["23451"],"fave_property_images":["23507","23500","23501","23502","23503","23504","23505","23506","23508","23509","23510"]},"_links":{"self":[{"href":"https:\/\/www.gastro-pacht.de\/gastronomie\/wp-json\/wp\/v2\/properties\/23463","targetHints":{"allow":["GET"]}}],"collection":[{"href":"https:\/\/www.gastro-pacht.de\/gastronomie\/wp-json\/wp\/v2\/properties"}],"about":[{"href":"https:\/\/www.gastro-pacht.de\/gastronomie\/wp-json\/wp\/v2\/types\/property"}],"author":[{"embeddable":true,"href":"https:\/\/www.gastro-pacht.de\/gastronomie\/wp-json\/wp\/v2\/users\/6207"}],"version-history":[{"count":7,"href":"https:\/\/www.gastro-pacht.de\/gastronomie\/wp-json\/wp\/v2\/properties\/23463\/revisions"}],"predecessor-version":[{"id":23499,"href":"https:\/\/www.gastro-pacht.de\/gastronomie\/wp-json\/wp\/v2\/properties\/23463\/revisions\/23499"}],"wp:featuredmedia":[{"embeddable":true,"href":"https:\/\/www.gastro-pacht.de\/gastronomie\/wp-json\/wp\/v2\/media\/23507"}],"wp:attachment":[{"href":"https:\/\/www.gastro-pacht.de\/gastronomie\/wp-json\/wp\/v2\/media?parent=23463"}],"wp:term":[{"taxonomy":"property_type","embeddable":true,"href":"https:\/\/www.gastro-pacht.de\/gastronomie\/wp-json\/wp\/v2\/property_type?post=23463"},{"taxonomy":"property_status","embeddable":true,"href":"https:\/\/www.gastro-pacht.de\/gastronomie\/wp-json\/wp\/v2\/property_status?post=23463"},{"taxonomy":"property_feature","embeddable":true,"href":"https:\/\/www.gastro-pacht.de\/gastronomie\/wp-json\/wp\/v2\/property_feature?post=23463"},{"taxonomy":"property_label","embeddable":true,"href":"https:\/\/www.gastro-pacht.de\/gastronomie\/wp-json\/wp\/v2\/property_label?post=23463"},{"taxonomy":"property_country","embeddable":true,"href":"https:\/\/www.gastro-pacht.de\/gastronomie\/wp-json\/wp\/v2\/property_country?post=23463"},{"taxonomy":"property_state","embeddable":true,"href":"https:\/\/www.gastro-pacht.de\/gastronomie\/wp-json\/wp\/v2\/property_state?post=23463"},{"taxonomy":"property_city","embeddable":true,"href":"https:\/\/www.gastro-pacht.de\/gastronomie\/wp-json\/wp\/v2\/property_city?post=23463"},{"taxonomy":"property_area","embeddable":true,"href":"https:\/\/www.gastro-pacht.de\/gastronomie\/wp-json\/wp\/v2\/property_area?post=23463"}],"curies":[{"name":"wp","href":"https:\/\/api.w.org\/{rel}","templated":true}]}}

<p>Daten und Fakten für Verpachtung:</p>
<div class="">
<div id=":p8" class="ii gt">
<div id=":p7" class="a3s aiL">
<div id="avWBGd-20">
<div dir="auto">
<p>Restaurant in St. Peter Ording</p>
<p>im EG eines Wohn- und Geschäftshauses im OT Dorf</p>
<p>25826 St. Peter Ording</p>
<p>Kreis Nordfriesland, Schleswig-Holstein, Deutschland</p>
<p>FOTOS</p>
<ul>
<li>Gastronomiebetrieb mit zugehörigen Sozialräumen.</li>
<li>Gewerbefläche: 300,00 m&#8217;.</li>
<li>Betriebsart: Restaurant, Café, Bistro.</li>
<li>2021 wurde der Gästebereich modernisiert und neu eingerichtet.</li>
<li>Das derzeit vorhandene Inventar gehört zum Pachtumfang.<br />
Küchengeräte vorhanden. Lediglich Ergänzungen im Bereich Püt&amp;Pann, Geschirr, Gläser usw. nötig.</li>
<li>Ausreichende Parkplätze für Gäste und Mitarbeiter.</li>
<li>Carportanlage mit integriertem Abstellbereich.</li>
<li>Brauereifrei.</li>
<li>Verfügbar ab sofort.</li>
<li>Laufzeit Pachtvertrag verhandelbar.</li>
<li>Pachtzins verhandelbar.</li>
<li>Direkte Nachbarschaft zu einer Reitanlage, was zusätzlichen Publikumsverkehr mit sich bringt.</li>
<li>In gefragter Lage am Vorlanddeich, Bushaltestellen im Nahbereich.</li>
<li>Der Ort hat rund 4.000 Einwohnern, befindet sich an der Westspitze der Halbinsel Eiderstedt und gehört zu den bekanntesten Urlaubsorten an der deutschen Nordseeküste.</li>
<li>Der weitläufige Sandstrand, der sich über ca. 12 km Länge und bis zu 2 km Breite erstreckt &#8211; ein Anziehungspunkt für Erholungssuchende, Wassersportler und Naturfreunde, die im Besonderen auch über die Zugehörigkeit zum Nationalpark Schleswig-Holsteinisches Wattenmeer schätzen.</li>
</ul>
<p>Auch Kauf des gesamten Objektes möglich!</p>
<p>Verkauf: Preis auf Anfrage €</p>
<p>Positiv beschiedene Bauvoranfrage für Umbau in Ferienwohnungen. bla bla</p>
<p>Email an: <a href="mailto:Immobilie-am-Deich@t-online.de" target="_blank" rel="noopener">Immobilie-am-Deich@t-online.de</a></p>
</div>
</div>
</div>
</div>
</div>

<p>Daten und Fakten für Verpachtung: Restaurant in St. Peter Ording im EG eines Wohn- und Geschäftshauses im OT Dorf 25826 St. Peter Ording Kreis Nordfriesland, Schleswig-Holstein, Deutschland FOTOS Gastronomiebetrieb mit zugehörigen Sozialräumen. Gewerbefläche: 300,00 m&#8217;. Betriebsart: Restaurant, Café, Bistro. 2021 wurde der Gästebereich modernisiert und neu eingerichtet. Das derzeit vorhandene Inventar gehört zum Pachtumfang. Küchengeräte [&hellip;]</p>
