{"id":22290,"date":"2025-04-13T06:53:49","date_gmt":"2025-04-13T04:53:49","guid":{"rendered":"https:\/\/www.gastro-pacht.de\/gastronomie\/immobilien\/etabliertes-gastro-juwel-im-raum-muenchen-das-waldhaus-deininger-weiher\/"},"modified":"2026-03-27T16:33:07","modified_gmt":"2026-03-27T15:33:07","slug":"etabliertes-gastro-juwel-im-raum-muenchen-das-waldhaus-deininger-weiher","status":"expired","type":"property","link":"https:\/\/www.gastro-pacht.de\/gastronomie\/immobilien\/etabliertes-gastro-juwel-im-raum-muenchen-das-waldhaus-deininger-weiher\/","title":{"rendered":"Etabliertes Gastro-Juwel im Raum M\u00fcnchen: Das &#8216;Waldhaus Deininger Weiher&#8217;"},"content":{"rendered":"<div class=\"page\" title=\"Page 2\">\n<div class=\"section\">\n<div class=\"layoutArea\">\n<div class=\"column\">\n<p>Das <strong>\u2018Waldhaus Deininger Weiher\u2019<\/strong> (bis zu <strong>400 Pl\u00e4tze<\/strong>) in der Gemeinde Stra\u00dflach (bei Mu\u0308nchen) ist eine weit u\u0308ber die Ortsgrenzen hinaus bekannte und etablierte Gastronomie-Adresse.<\/p>\n<p>Dieses au\u00dfergewo\u0308hnliche Objekt \u2013<strong> traumhaft gelegen<\/strong> am idyllischen Deininger Weiher \u2013 zieht seit vielen Jahren eine <strong>treue Stammkundschaft<\/strong> an und ist zudem<strong> sehr beliebt<\/strong> bei Familien, Radfahrern, Spazierga\u0308ngern und Gourmet-Liebhabern. Auch bekannte Perso\u0308nlichkeiten aus Film, Sport, Politik und Wirtschaft za\u0308hlen zu den Ga\u0308sten.<\/p>\n<p>Als begehrtes Ausflugsziel ist das Waldhaus das <strong>ganzja\u0308hrig stark frequentiert<\/strong> und la\u0308dt zum Baden, Abschalten und Genie\u00dfen ein \u2013 im Winter zudem zum Eislaufen und Eisstock-Schie\u00dfen.<\/p>\n<p>Das Waldhaus verfu\u0308gt u\u0308ber eine <strong>Vollkonzession<\/strong> und bietet vielseitige Nutzungsmo\u0308glichkeiten. Neben der klassischen <strong>Gastronomie<\/strong> gibt es einen<strong> idyllischen Biergarten mit Kiosk<\/strong>, der in den warmen Monaten zahlreiche Besucher anzieht. Ein weiteres Highlight ist das charmante <strong>Salettl \u2013 \u201eBootshaus\u201c<\/strong> genannt \u2013 das sich ideal fu\u0308r Geburtstage, Hochzeiten und Firmenfeiern eignet.<\/p>\n<p>Neben gro\u00dfzu\u0308gigen Gastra\u0308umen bietet das Objekt auch <strong>Ga\u0308stezimmer<\/strong>, die eine attraktive zusa\u0308tzliche Einnahmequelle darstellen. Des Weiteren stehen zahlreiche <strong>Personalunterku\u0308nfte<\/strong> zur Verfu\u0308gung.<\/p>\n<div class=\"page\" title=\"Page 2\">\n<div class=\"section\">\n<div class=\"layoutArea\">\n<div class=\"column\">\n<p>Attraktive Rahmenbedingungen:<\/p>\n<ul>\n<li>Faire, <strong>Betreiber-freundliche Pachtgestaltung<\/strong> (Fixpacht oder Umsatzpacht mit Deckel &amp; Sockel m\u00f6glich)<\/li>\n<li><strong>Umsatzstarkes<\/strong> Objekt<\/li>\n<li><strong>Etablierte<\/strong> Gastronomie, gro\u00dfer Kundenstamm<\/li>\n<li>Bestehende Konzession<\/li>\n<li><strong>Arbeiten und Wohnen<\/strong> Vorort mo\u0308glich<\/li>\n<li><strong>Traumhafte Lage<\/strong>, Alleinstellungsmerkmal<\/li>\n<li>Ideal fu\u0308r Hochzeiten, Firmenfeiern, Geburtstage<\/li>\n<li><strong>Bekanntheitsgrad<\/strong> und Anziehungskraft<\/li>\n<li><strong>Personalunterku\u0308nfte<\/strong> vorhanden<\/li>\n<\/ul>\n<\/div>\n<\/div>\n<div class=\"page\" title=\"Page 2\">\n<div class=\"section\">\n<div class=\"layoutArea\">\n<div class=\"column\">\n<p>RESTAURANT:<\/p>\n<ul>\n<li>Bayrisch-gehobene Ausstattung<\/li>\n<li>ca. 110 Innenpla\u0308tze<\/li>\n<li>ca. 200 Terrassen-\/ Aussenpla\u0308tze<\/li>\n<li>Direkt am Weiher-Ufer, traumhafter Blick<\/li>\n<\/ul>\n<p>GA\u0308STEZIMMER:<\/p>\n<ul>\n<li>8 Doppelzimmer<\/li>\n<li>1 Einzelzimmer<\/li>\n<li>davon 6 Zimmer mit einzigartigem Seeblick<\/li>\n<\/ul>\n<p>SALETTL, \u201cBOOTSHAUS\u201c<\/p>\n<ul>\n<li>Direkt neben der Gaststa\u0308tte<\/li>\n<li>Ideal fu\u0308r Hochzeiten, Geburtstage, Firmen-Events<\/li>\n<li>ca. 60-70 Sitzpla\u0308tze<\/li>\n<li>Direkt am Weiher-Ufer<\/li>\n<\/ul>\n<p>KIOSK, BIERGARTEN:<\/p>\n<ul>\n<li>Ca. 40qm<\/li>\n<li>Einladend, gro\u00dfe Fensterfront (Seeblick)<\/li>\n<li>Mit ca. 70 Aussenpla\u0308tzen<\/li>\n<\/ul>\n<\/div>\n<\/div>\n<\/div>\n<\/div>\n<\/div>\n<\/div>\n<\/div>\n<\/div>\n<\/div>\n<\/div>\n","protected":false},"excerpt":{"rendered":"<p>Das \u2018Waldhaus Deininger Weiher\u2019 (bis zu 400 Pl\u00e4tze) in der Gemeinde Stra\u00dflach (bei Mu\u0308nchen) ist eine weit u\u0308ber die Ortsgrenzen hinaus bekannte und etablierte Gastronomie-Adresse. Dieses au\u00dfergewo\u0308hnliche Objekt \u2013 traumhaft gelegen am idyllischen Deininger Weiher \u2013 zieht seit vielen Jahren eine treue Stammkundschaft an und ist zudem sehr beliebt bei Familien, Radfahrern, Spazierga\u0308ngern und Gourmet-Liebhabern. [&hellip;]<\/p>\n","protected":false},"author":306,"featured_media":22263,"parent":0,"menu_order":0,"template":"","property_type":[153],"property_status":[34],"property_feature":[344,122,345,101,97,126,124],"property_label":[38],"property_country":[87],"property_state":[102],"property_city":[411],"property_area":[],"class_list":["post-22290","property","type-property","status-expired","has-post-thumbnail","hentry","property_type-gastronomie","property_status-zu-verpachten","property_feature-garten","property_feature-kueche","property_feature-paechterwohnung","property_feature-saal","property_feature-tagungsraeume","property_feature-theke","property_feature-ueberdachte-terrasse","property_label-guter-zustand","property_country-deutschland","property_state-bayern","property_city-strasslach-dingharting-muenchen"],"aioseo_notices":[],"property_meta":{"fave_doppelzimmer":["8"],"fave_einzelzimmer":["1"],"fave_innensitzplc3a4tze":["100"],"fave_auc39fensitzplc3a4tze":["300"],"fave_grundstc3bccksflc3a4che":["2000"],"fave_verfc3bcgbar-ab":["1.1.2026"],"fave_status":["Ge\u00f6ffnet"],"fave_objektlage":["Toplage"],"fave_property_price":["Ab 11.500\u20ac"],"fave_show_price_placeholder":["1"],"fave_property_id":["22290"],"fave_property_zip":["82064"],"fave_additional_features_enable":["enable"],"floor_plans":["a:4:{i:0;a:2:{s:15:\"fave_plan_title\";s:20:\"Grundriss Restaurant\";s:15:\"fave_plan_image\";s:83:\"https:\/\/www.gastro-pacht.de\/gastronomie\/wp-content\/uploads\/2025\/04\/Restaurant-1.jpg\";}i:1;a:2:{s:15:\"fave_plan_title\";s:17:\"Grundriss Salettl\";s:15:\"fave_plan_image\";s:80:\"https:\/\/www.gastro-pacht.de\/gastronomie\/wp-content\/uploads\/2025\/04\/Salettl-1.jpg\";}i:2;a:2:{s:15:\"fave_plan_title\";s:22:\"Grundriss G\u00e4stezimmer\";s:15:\"fave_plan_image\";s:85:\"https:\/\/www.gastro-pacht.de\/gastronomie\/wp-content\/uploads\/2025\/04\/Gaestezimmer-1.jpg\";}i:3;a:2:{s:15:\"fave_plan_title\";s:15:\"Grundriss Kiosk\";s:15:\"fave_plan_image\";s:84:\"https:\/\/www.gastro-pacht.de\/gastronomie\/wp-content\/uploads\/2025\/04\/Kiosk-Kopie-1.jpg\";}}"],"fave_featured":["0"],"houzez_featured_listing_date":[""],"fave_mortgage_cal":["0"],"fave_payment_status":["not_paid"],"fave_agent_display_option":["author_info"],"fave_property_map_address":["Deininger Weiher 4, Stra\u00dflach-Dingharting-Gro\u00dfdingharting, Deutschland"],"fave_property_address":["Deininger Weiher 4, Stra\u00dflach-Dingharting-Gro\u00dfdingharting, Deutschland"],"houzez_geolocation_lat":["47.9675487"],"houzez_geolocation_long":["11.5243302"],"fave_property_location":["47.9675487,11.5243302,14"],"fave_property_map":["1"],"fave_property_map_street_view":["hide"],"_eael_post_view_count":["5615"],"houzez_total_property_views":["5543"],"houzez_views_by_date":["a:61:{s:10:\"01-26-2026\";i:1;s:10:\"01-28-2026\";i:1;s:10:\"01-30-2026\";i:1;s:10:\"01-31-2026\";i:1;s:10:\"02-03-2026\";i:1;s:10:\"02-05-2026\";i:2;s:10:\"02-06-2026\";i:2;s:10:\"02-07-2026\";i:1;s:10:\"02-08-2026\";i:1;s:10:\"02-10-2026\";i:4;s:10:\"02-13-2026\";i:1;s:10:\"02-14-2026\";i:2;s:10:\"02-15-2026\";i:1;s:10:\"02-17-2026\";i:1;s:10:\"02-18-2026\";i:1;s:10:\"02-20-2026\";i:1;s:10:\"02-21-2026\";i:1;s:10:\"02-22-2026\";i:1;s:10:\"02-23-2026\";i:1;s:10:\"02-24-2026\";i:1;s:10:\"02-25-2026\";i:1;s:10:\"02-28-2026\";i:2;s:10:\"03-01-2026\";i:1;s:10:\"03-02-2026\";i:3;s:10:\"03-03-2026\";i:1;s:10:\"03-04-2026\";i:3;s:10:\"03-06-2026\";i:1;s:10:\"03-07-2026\";i:2;s:10:\"03-10-2026\";i:2;s:10:\"03-11-2026\";i:2;s:10:\"03-12-2026\";i:1;s:10:\"03-13-2026\";i:2;s:10:\"03-20-2026\";i:1;s:10:\"03-21-2026\";i:1;s:10:\"03-22-2026\";i:1;s:10:\"03-25-2026\";i:1;s:10:\"03-26-2026\";i:1;s:10:\"03-27-2026\";i:2;s:10:\"03-29-2026\";i:2;s:10:\"03-30-2026\";i:4;s:10:\"04-02-2026\";i:2;s:10:\"04-03-2026\";i:1;s:10:\"04-05-2026\";i:6;s:10:\"04-06-2026\";i:1;s:10:\"04-08-2026\";i:4;s:10:\"04-09-2026\";i:3;s:10:\"04-11-2026\";i:1;s:10:\"04-12-2026\";i:3;s:10:\"04-13-2026\";i:4;s:10:\"04-14-2026\";i:2;s:10:\"04-16-2026\";i:1;s:10:\"04-17-2026\";i:1;s:10:\"04-18-2026\";i:2;s:10:\"04-19-2026\";i:1;s:10:\"04-20-2026\";i:1;s:10:\"04-21-2026\";i:2;s:10:\"04-22-2026\";i:1;s:10:\"04-23-2026\";i:1;s:10:\"04-26-2026\";i:1;s:10:\"04-27-2026\";i:3;s:10:\"04-29-2026\";i:3;}"],"houzez_recently_viewed":["2026-04-29 18:04:50"],"_thumbnail_id":["22263"],"_edit_lock":["1744537285:1"],"_edit_last":["1"],"fave_property_images":["22263","22268","22265","22277","22288","22287","22264","22276","22279","22289","22281","22269","22270","22267","22284","22273","22272","22271","22280","22274","22282","22266","22285","22286","22278","22283"],"fave_single_top_area":["global"],"fave_single_content_area":["global"],"_aioseo_title":[null],"_aioseo_description":[null],"_aioseo_keywords":["a:0:{}"],"_aioseo_og_title":[null],"_aioseo_og_description":[null],"_aioseo_og_article_section":[""],"_aioseo_og_article_tags":["a:0:{}"],"_aioseo_twitter_title":[null],"_aioseo_twitter_description":[null],"cmplz_hide_cookiebanner":[""],"houzez_expired_listing_date":["2026-03-27 16:33:07"],"_elementor_page_assets":["a:0:{}"]},"_links":{"self":[{"href":"https:\/\/www.gastro-pacht.de\/gastronomie\/wp-json\/wp\/v2\/properties\/22290","targetHints":{"allow":["GET"]}}],"collection":[{"href":"https:\/\/www.gastro-pacht.de\/gastronomie\/wp-json\/wp\/v2\/properties"}],"about":[{"href":"https:\/\/www.gastro-pacht.de\/gastronomie\/wp-json\/wp\/v2\/types\/property"}],"author":[{"embeddable":true,"href":"https:\/\/www.gastro-pacht.de\/gastronomie\/wp-json\/wp\/v2\/users\/306"}],"version-history":[{"count":1,"href":"https:\/\/www.gastro-pacht.de\/gastronomie\/wp-json\/wp\/v2\/properties\/22290\/revisions"}],"predecessor-version":[{"id":22291,"href":"https:\/\/www.gastro-pacht.de\/gastronomie\/wp-json\/wp\/v2\/properties\/22290\/revisions\/22291"}],"wp:featuredmedia":[{"embeddable":true,"href":"https:\/\/www.gastro-pacht.de\/gastronomie\/wp-json\/wp\/v2\/media\/22263"}],"wp:attachment":[{"href":"https:\/\/www.gastro-pacht.de\/gastronomie\/wp-json\/wp\/v2\/media?parent=22290"}],"wp:term":[{"taxonomy":"property_type","embeddable":true,"href":"https:\/\/www.gastro-pacht.de\/gastronomie\/wp-json\/wp\/v2\/property_type?post=22290"},{"taxonomy":"property_status","embeddable":true,"href":"https:\/\/www.gastro-pacht.de\/gastronomie\/wp-json\/wp\/v2\/property_status?post=22290"},{"taxonomy":"property_feature","embeddable":true,"href":"https:\/\/www.gastro-pacht.de\/gastronomie\/wp-json\/wp\/v2\/property_feature?post=22290"},{"taxonomy":"property_label","embeddable":true,"href":"https:\/\/www.gastro-pacht.de\/gastronomie\/wp-json\/wp\/v2\/property_label?post=22290"},{"taxonomy":"property_country","embeddable":true,"href":"https:\/\/www.gastro-pacht.de\/gastronomie\/wp-json\/wp\/v2\/property_country?post=22290"},{"taxonomy":"property_state","embeddable":true,"href":"https:\/\/www.gastro-pacht.de\/gastronomie\/wp-json\/wp\/v2\/property_state?post=22290"},{"taxonomy":"property_city","embeddable":true,"href":"https:\/\/www.gastro-pacht.de\/gastronomie\/wp-json\/wp\/v2\/property_city?post=22290"},{"taxonomy":"property_area","embeddable":true,"href":"https:\/\/www.gastro-pacht.de\/gastronomie\/wp-json\/wp\/v2\/property_area?post=22290"}],"curies":[{"name":"wp","href":"https:\/\/api.w.org\/{rel}","templated":true}]}}

Etabliertes Gastro-Juwel im Raum München: Das &#8216;Waldhaus Deininger Weiher&#8217;

<div class="page" title="Page 2">
<div class="section">
<div class="layoutArea">
<div class="column">
<p>Das <strong>‘Waldhaus Deininger Weiher’</strong> (bis zu <strong>400 Plätze</strong>) in der Gemeinde Straßlach (bei München) ist eine weit über die Ortsgrenzen hinaus bekannte und etablierte Gastronomie-Adresse.</p>
<p>Dieses außergewöhnliche Objekt –<strong> traumhaft gelegen</strong> am idyllischen Deininger Weiher – zieht seit vielen Jahren eine <strong>treue Stammkundschaft</strong> an und ist zudem<strong> sehr beliebt</strong> bei Familien, Radfahrern, Spaziergängern und Gourmet-Liebhabern. Auch bekannte Persönlichkeiten aus Film, Sport, Politik und Wirtschaft zählen zu den Gästen.</p>
<p>Als begehrtes Ausflugsziel ist das Waldhaus das <strong>ganzjährig stark frequentiert</strong> und lädt zum Baden, Abschalten und Genießen ein – im Winter zudem zum Eislaufen und Eisstock-Schießen.</p>
<p>Das Waldhaus verfügt über eine <strong>Vollkonzession</strong> und bietet vielseitige Nutzungsmöglichkeiten. Neben der klassischen <strong>Gastronomie</strong> gibt es einen<strong> idyllischen Biergarten mit Kiosk</strong>, der in den warmen Monaten zahlreiche Besucher anzieht. Ein weiteres Highlight ist das charmante <strong>Salettl – „Bootshaus“</strong> genannt – das sich ideal für Geburtstage, Hochzeiten und Firmenfeiern eignet.</p>
<p>Neben großzügigen Gasträumen bietet das Objekt auch <strong>Gästezimmer</strong>, die eine attraktive zusätzliche Einnahmequelle darstellen. Des Weiteren stehen zahlreiche <strong>Personalunterkünfte</strong> zur Verfügung.</p>
<div class="page" title="Page 2">
<div class="section">
<div class="layoutArea">
<div class="column">
<p>Attraktive Rahmenbedingungen:</p>
<ul>
<li>Faire, <strong>Betreiber-freundliche Pachtgestaltung</strong> (Fixpacht oder Umsatzpacht mit Deckel &amp; Sockel möglich)</li>
<li><strong>Umsatzstarkes</strong> Objekt</li>
<li><strong>Etablierte</strong> Gastronomie, großer Kundenstamm</li>
<li>Bestehende Konzession</li>
<li><strong>Arbeiten und Wohnen</strong> Vorort möglich</li>
<li><strong>Traumhafte Lage</strong>, Alleinstellungsmerkmal</li>
<li>Ideal für Hochzeiten, Firmenfeiern, Geburtstage</li>
<li><strong>Bekanntheitsgrad</strong> und Anziehungskraft</li>
<li><strong>Personalunterkünfte</strong> vorhanden</li>
</ul>
</div>
</div>
<div class="page" title="Page 2">
<div class="section">
<div class="layoutArea">
<div class="column">
<p>RESTAURANT:</p>
<ul>
<li>Bayrisch-gehobene Ausstattung</li>
<li>ca. 110 Innenplätze</li>
<li>ca. 200 Terrassen-/ Aussenplätze</li>
<li>Direkt am Weiher-Ufer, traumhafter Blick</li>
</ul>
<p>GÄSTEZIMMER:</p>
<ul>
<li>8 Doppelzimmer</li>
<li>1 Einzelzimmer</li>
<li>davon 6 Zimmer mit einzigartigem Seeblick</li>
</ul>
<p>SALETTL, “BOOTSHAUS“</p>
<ul>
<li>Direkt neben der Gaststätte</li>
<li>Ideal für Hochzeiten, Geburtstage, Firmen-Events</li>
<li>ca. 60-70 Sitzplätze</li>
<li>Direkt am Weiher-Ufer</li>
</ul>
<p>KIOSK, BIERGARTEN:</p>
<ul>
<li>Ca. 40qm</li>
<li>Einladend, große Fensterfront (Seeblick)</li>
<li>Mit ca. 70 Aussenplätzen</li>
</ul>
</div>
</div>
</div>
</div>
</div>
</div>
</div>
</div>
</div>
</div>

<p>Das ‘Waldhaus Deininger Weiher’ (bis zu 400 Plätze) in der Gemeinde Straßlach (bei München) ist eine weit über die Ortsgrenzen hinaus bekannte und etablierte Gastronomie-Adresse. Dieses außergewöhnliche Objekt – traumhaft gelegen am idyllischen Deininger Weiher – zieht seit vielen Jahren eine treue Stammkundschaft an und ist zudem sehr beliebt bei Familien, Radfahrern, Spaziergängern und Gourmet-Liebhabern. [&hellip;]</p>

Geöffnet

a:4:{i:0;a:2:{s:15:"fave_plan_title";s:20:"Grundriss Restaurant";s:15:"fave_plan_image";s:83:"https://www.gastro-pacht.de/gastronomie/wp-content/uploads/2025/04/Restaurant-1.jpg";}i:1;a:2:{s:15:"fave_plan_title";s:17:"Grundriss Salettl";s:15:"fave_plan_image";s:80:"https://www.gastro-pacht.de/gastronomie/wp-content/uploads/2025/04/Salettl-1.jpg";}i:2;a:2:{s:15:"fave_plan_title";s:22:"Grundriss Gästezimmer";s:15:"fave_plan_image";s:85:"https://www.gastro-pacht.de/gastronomie/wp-content/uploads/2025/04/Gaestezimmer-1.jpg";}i:3;a:2:{s:15:"fave_plan_title";s:15:"Grundriss Kiosk";s:15:"fave_plan_image";s:84:"https://www.gastro-pacht.de/gastronomie/wp-content/uploads/2025/04/Kiosk-Kopie-1.jpg";}}

Deininger Weiher 4, Straßlach-Dingharting-Großdingharting, Deutschland
