{"id":20223,"date":"2023-02-06T17:02:49","date_gmt":"2023-02-06T15:02:49","guid":{"rendered":"https:\/\/www.gastro-pacht.de\/gastronomie\/immobilien\/paechterin-fuer-restaurant-im-stammhausfluegel-des-welfenschlosses-herzberg-am-harz-gesucht\/"},"modified":"2023-05-25T23:55:34","modified_gmt":"2023-05-25T21:55:34","slug":"paechterin-fuer-restaurant-im-stammhausfluegel-des-welfenschlosses-herzberg-am-harz-gesucht","status":"publish","type":"property","link":"https:\/\/www.gastro-pacht.de\/gastronomie\/immobilien\/paechterin-fuer-restaurant-im-stammhausfluegel-des-welfenschlosses-herzberg-am-harz-gesucht\/","title":{"rendered":"P\u00e4chter*in f\u00fcr Restaurant im Stammhausfl\u00fcgel des Welfenschlosses Herzberg am Harz gesucht"},"content":{"rendered":"<p>Die Stadt Herzberg am Harz sucht zum n\u00e4chstm\u00f6glichen Beginn eine*n engagierte*n P\u00e4chter*in f\u00fcr<\/p>\n<p>das Schlossrestaurant im Stammhausfl\u00fcgel des Herzberger Welfenschlosses.<\/p>\n<p>Die \u00fcber 950 Jahre alte Schlossanlage stellt in ihrer 1582 vollendeten Gestalt, als geschlossene Renaissance-Vierfl\u00fcgelanlage, in Fachwerksbauweise in Niedersachsen ein einmaliges kulturhistorisches Ensemble dar. Im Stammhausfl\u00fcgel befinden sich das Restaurant sowie ein Museum und der Rittersaal (Platz f\u00fcr ca. 80-100 Sitzpl\u00e4tze).<\/p>\n<p>Wir bieten Ihnen ein vollausgestattetes Restaurant mit ca. 60 Sitzpl\u00e4tzen inkl. K\u00fcche und ausreichend Lagerr\u00e4umen. Auf der wundersch\u00f6nen Au\u00dfenterrasse haben Sie au\u00dferdem die M\u00f6glichkeit f\u00fcr ca. 25 Personen Au\u00dfengastronomie zu betreiben. Der Rittersaal kann f\u00fcr z.B. Hochzeiten, Tagungen oder Konzerte optional mitgenutzt werden.<\/p>\n<p>Das Schloss wird zurzeit in vielen Bereichen aufgrund seiner historischen Bedeutung als Welfenresidenz vom Land Niedersachsen saniert, so dass es w\u00e4hrend der mehrj\u00e4hrigen Bauphase ggf. zu Beeintr\u00e4chtigungen kommen kann.<\/p>\n<p>Gesucht wird daher ein\/e P\u00e4chter\/in, der \/ die ein \u00fcberzeugendes Konzept zur gastronomischen Entwicklung w\u00e4hrend und nach der Sanierung umsetzen kann.<\/p>\n<p>Aussagekr\u00e4ftige schriftliche Bewerbungen mit Betreiberkonzept, Lebenslauf, Referenzen und Zeugnissen sind bis zum 17.03.2023 an die Stadt Herzberg am Harz, Fachbereich III, Marktplatz 30, 37412 Herzberg am Harz, zu richten.<\/p>\n<p>N\u00e4here Ausk\u00fcnfte erteilt Herr Gro\u00dfmann unter der Telefonnummer 05521 \/ 852-170<\/p>\n","protected":false},"excerpt":{"rendered":"<p>Die Stadt Herzberg am Harz sucht zum n\u00e4chstm\u00f6glichen Beginn eine*n engagierte*n P\u00e4chter*in f\u00fcr das Schlossrestaurant im Stammhausfl\u00fcgel des Herzberger Welfenschlosses. Die \u00fcber 950 Jahre alte Schlossanlage stellt in ihrer 1582 vollendeten Gestalt, als geschlossene Renaissance-Vierfl\u00fcgelanlage, in Fachwerksbauweise in Niedersachsen ein einmaliges kulturhistorisches Ensemble dar. Im Stammhausfl\u00fcgel befinden sich das Restaurant sowie ein Museum und der [&hellip;]<\/p>\n","protected":false},"author":118,"featured_media":20220,"parent":0,"menu_order":0,"template":"","property_type":[176],"property_status":[34],"property_feature":[127,122,101,97,126],"property_label":[38],"property_country":[87],"property_state":[105],"property_city":[277],"property_area":[],"class_list":["post-20223","property","type-property","status-publish","has-post-thumbnail","hentry","property_type-cafe-restaurant","property_status-zu-verpachten","property_feature-kleininventar","property_feature-kueche","property_feature-saal","property_feature-tagungsraeume","property_feature-theke","property_label-guter-zustand","property_country-deutschland","property_state-hotellerie-gastronomie-immobilien-niedersachsen","property_city-herzberg-am-harz"],"aioseo_notices":[],"property_meta":{"fave_innensitzplc3a4tze":["60"],"fave_auc39fensitzplc3a4tze":["25"],"fave_saal-tagungsrc3a4ume":["100"],"fave_ausstattung":["Teilinventarisiert"],"fave_verfc3bcgbar-ab":["ab sofort"],"fave_status":["Geschlossen"],"fave_property_price":["238"],"fave_property_price_prefix":["derzeit"],"fave_property_year":["1582"],"fave_property_id":["20223"],"fave_property_zip":["37412"],"fave_additional_features_enable":["enable"],"fave_featured":["0"],"fave_mortgage_cal":["0"],"fave_payment_status":["not_paid"],"fave_agent_display_option":["author_info"],"fave_property_map_address":["Schlo\u00df, Herzberg am Harz, Deutschland"],"fave_property_address":["Schlo\u00df, Herzberg am Harz, Deutschland"],"houzez_geolocation_lat":["51.6548583"],"houzez_geolocation_long":["10.3299165"],"fave_property_location":["51.6548583,10.3299165,14"],"fave_property_map":["1"],"fave_property_map_street_view":["hide"],"houzez_total_property_views":["5173"],"houzez_views_by_date":["a:61:{s:10:\"03-01-2026\";i:8;s:10:\"03-02-2026\";i:3;s:10:\"03-03-2026\";i:4;s:10:\"03-04-2026\";i:2;s:10:\"03-05-2026\";i:7;s:10:\"03-06-2026\";i:7;s:10:\"03-07-2026\";i:6;s:10:\"03-08-2026\";i:5;s:10:\"03-09-2026\";i:6;s:10:\"03-10-2026\";i:5;s:10:\"03-11-2026\";i:9;s:10:\"03-12-2026\";i:7;s:10:\"03-13-2026\";i:4;s:10:\"03-14-2026\";i:8;s:10:\"03-15-2026\";i:4;s:10:\"03-16-2026\";i:3;s:10:\"03-17-2026\";i:7;s:10:\"03-18-2026\";i:11;s:10:\"03-19-2026\";i:7;s:10:\"03-20-2026\";i:5;s:10:\"03-21-2026\";i:1;s:10:\"03-22-2026\";i:4;s:10:\"03-23-2026\";i:6;s:10:\"03-24-2026\";i:4;s:10:\"03-25-2026\";i:8;s:10:\"03-26-2026\";i:3;s:10:\"03-27-2026\";i:2;s:10:\"03-28-2026\";i:3;s:10:\"03-29-2026\";i:1;s:10:\"03-30-2026\";i:6;s:10:\"03-31-2026\";i:6;s:10:\"04-01-2026\";i:5;s:10:\"04-02-2026\";i:2;s:10:\"04-03-2026\";i:8;s:10:\"04-04-2026\";i:2;s:10:\"04-05-2026\";i:6;s:10:\"04-06-2026\";i:1;s:10:\"04-07-2026\";i:3;s:10:\"04-08-2026\";i:8;s:10:\"04-09-2026\";i:6;s:10:\"04-10-2026\";i:6;s:10:\"04-11-2026\";i:2;s:10:\"04-12-2026\";i:13;s:10:\"04-13-2026\";i:4;s:10:\"04-14-2026\";i:3;s:10:\"04-15-2026\";i:3;s:10:\"04-16-2026\";i:6;s:10:\"04-17-2026\";i:2;s:10:\"04-18-2026\";i:3;s:10:\"04-19-2026\";i:4;s:10:\"04-20-2026\";i:4;s:10:\"04-21-2026\";i:6;s:10:\"04-22-2026\";i:10;s:10:\"04-23-2026\";i:8;s:10:\"04-24-2026\";i:6;s:10:\"04-25-2026\";i:3;s:10:\"04-26-2026\";i:5;s:10:\"04-27-2026\";i:1;s:10:\"04-28-2026\";i:5;s:10:\"04-29-2026\";i:5;s:10:\"04-30-2026\";i:4;}"],"houzez_recently_viewed":["2026-04-30 20:26:16"],"_thumbnail_id":["20220"],"houzez_featured_listing_date":[""],"_edit_lock":["1685051821:1"],"_edit_last":["1"],"fave_property_images":["20218","20219","20220","20221","20222"],"fave_single_top_area":["global"],"fave_single_content_area":["global"],"_aioseo_title":[null],"_aioseo_description":[null],"_aioseo_keywords":[""],"_aioseo_og_title":[null],"_aioseo_og_description":[null],"_aioseo_og_article_section":[""],"_aioseo_og_article_tags":[""],"_aioseo_twitter_title":[null],"_aioseo_twitter_description":[null],"cmplz_hide_cookiebanner":[""],"houzez_manual_expire":["checked"],"_houzez_expiration_date":["1716674040"],"_houzez_expiration_date_options":["a:1:{s:2:\"id\";i:20223;}"],"_houzez_expiration_date_status":["saved"],"_cmplz_scanned_post":["1"],"_eael_post_view_count":["3436"],"_elementor_page_assets":["a:0:{}"]},"_links":{"self":[{"href":"https:\/\/www.gastro-pacht.de\/gastronomie\/wp-json\/wp\/v2\/properties\/20223","targetHints":{"allow":["GET"]}}],"collection":[{"href":"https:\/\/www.gastro-pacht.de\/gastronomie\/wp-json\/wp\/v2\/properties"}],"about":[{"href":"https:\/\/www.gastro-pacht.de\/gastronomie\/wp-json\/wp\/v2\/types\/property"}],"author":[{"embeddable":true,"href":"https:\/\/www.gastro-pacht.de\/gastronomie\/wp-json\/wp\/v2\/users\/118"}],"version-history":[{"count":1,"href":"https:\/\/www.gastro-pacht.de\/gastronomie\/wp-json\/wp\/v2\/properties\/20223\/revisions"}],"predecessor-version":[{"id":20225,"href":"https:\/\/www.gastro-pacht.de\/gastronomie\/wp-json\/wp\/v2\/properties\/20223\/revisions\/20225"}],"wp:featuredmedia":[{"embeddable":true,"href":"https:\/\/www.gastro-pacht.de\/gastronomie\/wp-json\/wp\/v2\/media\/20220"}],"wp:attachment":[{"href":"https:\/\/www.gastro-pacht.de\/gastronomie\/wp-json\/wp\/v2\/media?parent=20223"}],"wp:term":[{"taxonomy":"property_type","embeddable":true,"href":"https:\/\/www.gastro-pacht.de\/gastronomie\/wp-json\/wp\/v2\/property_type?post=20223"},{"taxonomy":"property_status","embeddable":true,"href":"https:\/\/www.gastro-pacht.de\/gastronomie\/wp-json\/wp\/v2\/property_status?post=20223"},{"taxonomy":"property_feature","embeddable":true,"href":"https:\/\/www.gastro-pacht.de\/gastronomie\/wp-json\/wp\/v2\/property_feature?post=20223"},{"taxonomy":"property_label","embeddable":true,"href":"https:\/\/www.gastro-pacht.de\/gastronomie\/wp-json\/wp\/v2\/property_label?post=20223"},{"taxonomy":"property_country","embeddable":true,"href":"https:\/\/www.gastro-pacht.de\/gastronomie\/wp-json\/wp\/v2\/property_country?post=20223"},{"taxonomy":"property_state","embeddable":true,"href":"https:\/\/www.gastro-pacht.de\/gastronomie\/wp-json\/wp\/v2\/property_state?post=20223"},{"taxonomy":"property_city","embeddable":true,"href":"https:\/\/www.gastro-pacht.de\/gastronomie\/wp-json\/wp\/v2\/property_city?post=20223"},{"taxonomy":"property_area","embeddable":true,"href":"https:\/\/www.gastro-pacht.de\/gastronomie\/wp-json\/wp\/v2\/property_area?post=20223"}],"curies":[{"name":"wp","href":"https:\/\/api.w.org\/{rel}","templated":true}]}}

Pächter*in für Restaurant im Stammhausflügel des Welfenschlosses Herzberg am Harz gesucht

<p>Die Stadt Herzberg am Harz sucht zum nächstmöglichen Beginn eine*n engagierte*n Pächter*in für</p>
<p>das Schlossrestaurant im Stammhausflügel des Herzberger Welfenschlosses.</p>
<p>Die über 950 Jahre alte Schlossanlage stellt in ihrer 1582 vollendeten Gestalt, als geschlossene Renaissance-Vierflügelanlage, in Fachwerksbauweise in Niedersachsen ein einmaliges kulturhistorisches Ensemble dar. Im Stammhausflügel befinden sich das Restaurant sowie ein Museum und der Rittersaal (Platz für ca. 80-100 Sitzplätze).</p>
<p>Wir bieten Ihnen ein vollausgestattetes Restaurant mit ca. 60 Sitzplätzen inkl. Küche und ausreichend Lagerräumen. Auf der wunderschönen Außenterrasse haben Sie außerdem die Möglichkeit für ca. 25 Personen Außengastronomie zu betreiben. Der Rittersaal kann für z.B. Hochzeiten, Tagungen oder Konzerte optional mitgenutzt werden.</p>
<p>Das Schloss wird zurzeit in vielen Bereichen aufgrund seiner historischen Bedeutung als Welfenresidenz vom Land Niedersachsen saniert, so dass es während der mehrjährigen Bauphase ggf. zu Beeinträchtigungen kommen kann.</p>
<p>Gesucht wird daher ein/e Pächter/in, der / die ein überzeugendes Konzept zur gastronomischen Entwicklung während und nach der Sanierung umsetzen kann.</p>
<p>Aussagekräftige schriftliche Bewerbungen mit Betreiberkonzept, Lebenslauf, Referenzen und Zeugnissen sind bis zum 17.03.2023 an die Stadt Herzberg am Harz, Fachbereich III, Marktplatz 30, 37412 Herzberg am Harz, zu richten.</p>
<p>Nähere Auskünfte erteilt Herr Großmann unter der Telefonnummer 05521 / 852-170</p>

<p>Die Stadt Herzberg am Harz sucht zum nächstmöglichen Beginn eine*n engagierte*n Pächter*in für das Schlossrestaurant im Stammhausflügel des Herzberger Welfenschlosses. Die über 950 Jahre alte Schlossanlage stellt in ihrer 1582 vollendeten Gestalt, als geschlossene Renaissance-Vierflügelanlage, in Fachwerksbauweise in Niedersachsen ein einmaliges kulturhistorisches Ensemble dar. Im Stammhausflügel befinden sich das Restaurant sowie ein Museum und der [&hellip;]</p>

Schloß, Herzberg am Harz, Deutschland
