{"id":19769,"date":"2024-07-14T13:42:12","date_gmt":"2024-07-14T11:42:12","guid":{"rendered":"https:\/\/www.gastro-pacht.de\/gastronomie\/?post_type=property&#038;p=19769"},"modified":"2025-05-16T12:33:02","modified_gmt":"2025-05-16T10:33:02","slug":"kurhaus-bad-wurzach-in-attraktiver-innenstadtlage","status":"expired","type":"property","link":"https:\/\/www.gastro-pacht.de\/gastronomie\/immobilien\/kurhaus-bad-wurzach-in-attraktiver-innenstadtlage\/","title":{"rendered":"Kurhaus Bad Wurzach in attraktiver Innenstadtlage"},"content":{"rendered":"<p>Das Kurhaus Bad Wurzach, attraktiv in der Tourismusregion Oberschwaben-Allg\u00e4u gelegen, bietet mehrere gastronomische M\u00f6glichkeiten unter einem Dach. Das Objekt umfasst folgende R\u00e4umlichkeiten:<\/p>\n<p>Restaurant mit 156 Pl\u00e4tzen<br \/>\nNebenraum mit 50 Pl\u00e4tzen, der in 2 kleinere Nebenr\u00e4ume aufgeteilt werden kann<br \/>\nAu\u00dfenbereich mit 70 Pl\u00e4tzen<br \/>\nKursaal f\u00fcr Veranstaltungen mit bis zu 350 Pl\u00e4tzen<\/p>\n<p>Lage:<br \/>\nDas Kurhaus am Kurpark liegt eingebettet zwischen Kurgebiet und Innenstadt direkt an der Wurzacher Ach. Es ist \u00fcber den Klosterplatz, der sich direkt vor dem historischen Geb\u00e4ude Maria Rosengarten mit Naturschutzzentrum Wurzacher Ried und der Bad Wurzach Info befindet, attraktiv an die Innenstadt angebunden.<\/p>\n<p>Die Kurstadt Bad Wurzach mit 14.370 Einwohnern befindet sich an der Oberschw\u00e4bischen Barockstra\u00dfe, in der Tourismusregion Oberschwaben-Allg\u00e4u. Mittig gelegen zwischen Biberach, Memmingen, Wangen und Ravensburg mit 180.000 \u00dcbernachtungen und 100.000 Tagesg\u00e4sten im Jahr. Das Wurzacher Ried, gr\u00f6\u00dftes intaktes Hochmoor Mitteleuropas, ausgezeichnet mit dem Europadiplom, ist hochattraktiv f\u00fcr Tagesg\u00e4ste. Bad Wurzach liegt am Fernwanderweg \u201eWandertrilogie\u201c, des Weiteren am Oberschwaben-Allg\u00e4u-Radweg und am B\u00e4derradweg. Bad Wurzach ist ADFC zertifizierte Radreiseregion.<\/p>\n","protected":false},"excerpt":{"rendered":"<p>Das Kurhaus Bad Wurzach, attraktiv in der Tourismusregion Oberschwaben-Allg\u00e4u gelegen, bietet mehrere gastronomische M\u00f6glichkeiten unter einem Dach. Das Objekt umfasst folgende R\u00e4umlichkeiten: Restaurant mit 156 Pl\u00e4tzen Nebenraum mit 50 Pl\u00e4tzen, der in 2 kleinere Nebenr\u00e4ume aufgeteilt werden kann Au\u00dfenbereich mit 70 Pl\u00e4tzen Kursaal f\u00fcr Veranstaltungen mit bis zu 350 Pl\u00e4tzen Lage: Das Kurhaus am Kurpark [&hellip;]<\/p>\n","protected":false},"author":72,"featured_media":0,"parent":0,"menu_order":0,"template":"","property_type":[176,153,170],"property_status":[34],"property_feature":[127,122,101,97,126],"property_label":[38],"property_country":[87],"property_state":[107],"property_city":[233],"property_area":[234],"class_list":["post-19769","property","type-property","status-expired","hentry","property_type-cafe-restaurant","property_type-gastronomie","property_type-restaurant","property_status-zu-verpachten","property_feature-kleininventar","property_feature-kueche","property_feature-saal","property_feature-tagungsraeume","property_feature-theke","property_label-guter-zustand","property_country-deutschland","property_state-baden-wuerttemberg","property_city-bad-wurzach","property_area-oberschwaben-allgaeu"],"aioseo_notices":[],"property_meta":{"fave_innensitzplc3a4tze":["156"],"fave_auc39fensitzplc3a4tze":["70"],"fave_saal-tagungsrc3a4ume":["3"],"fave_gastraumflc3a4che":["821"],"fave_brauereifrei":["Ja"],"fave_verfc3bcgbar-ab":["01.01.2023"],"fave_objektlage":["Innenstadtlage"],"fave_property_price":["auf Anfrage"],"fave_property_year":["1995"],"fave_property_id":["19769"],"fave_property_zip":["88410"],"fave_additional_features_enable":["enable"],"fave_featured":["0"],"fave_payment_status":["not_paid"],"fave_agent_display_option":["author_info"],"fave_property_map_address":["Bad Wurzach, Deutschland"],"fave_property_address":["Bad Wurzach, Deutschland"],"houzez_geolocation_lat":["47.9081917"],"houzez_geolocation_long":["9.8938287"],"fave_property_location":["47.9081917,9.8938287,14"],"fave_property_map":["1"],"fave_property_map_street_view":["hide"],"houzez_total_property_views":["3545"],"houzez_views_by_date":["a:61:{s:10:\"09-13-2025\";i:1;s:10:\"09-14-2025\";i:1;s:10:\"09-17-2025\";i:1;s:10:\"09-18-2025\";i:2;s:10:\"09-22-2025\";i:1;s:10:\"09-23-2025\";i:2;s:10:\"10-06-2025\";i:1;s:10:\"10-09-2025\";i:1;s:10:\"10-10-2025\";i:1;s:10:\"10-19-2025\";i:1;s:10:\"10-20-2025\";i:2;s:10:\"10-26-2025\";i:2;s:10:\"11-06-2025\";i:1;s:10:\"11-09-2025\";i:2;s:10:\"11-10-2025\";i:1;s:10:\"11-21-2025\";i:3;s:10:\"11-24-2025\";i:1;s:10:\"12-06-2025\";i:1;s:10:\"12-09-2025\";i:1;s:10:\"12-18-2025\";i:1;s:10:\"12-28-2025\";i:1;s:10:\"12-30-2025\";i:1;s:10:\"01-11-2026\";i:1;s:10:\"01-13-2026\";i:2;s:10:\"01-14-2026\";i:1;s:10:\"01-15-2026\";i:1;s:10:\"01-18-2026\";i:1;s:10:\"01-19-2026\";i:1;s:10:\"01-23-2026\";i:4;s:10:\"01-24-2026\";i:1;s:10:\"01-28-2026\";i:2;s:10:\"01-29-2026\";i:2;s:10:\"02-01-2026\";i:3;s:10:\"02-04-2026\";i:1;s:10:\"02-05-2026\";i:1;s:10:\"02-06-2026\";i:3;s:10:\"02-07-2026\";i:9;s:10:\"02-09-2026\";i:1;s:10:\"02-12-2026\";i:1;s:10:\"02-13-2026\";i:1;s:10:\"02-20-2026\";i:1;s:10:\"02-21-2026\";i:1;s:10:\"02-25-2026\";i:1;s:10:\"02-28-2026\";i:2;s:10:\"03-12-2026\";i:1;s:10:\"03-13-2026\";i:1;s:10:\"03-15-2026\";i:1;s:10:\"03-19-2026\";i:1;s:10:\"03-24-2026\";i:1;s:10:\"03-27-2026\";i:1;s:10:\"03-29-2026\";i:1;s:10:\"04-02-2026\";i:1;s:10:\"04-06-2026\";i:1;s:10:\"04-11-2026\";i:1;s:10:\"04-13-2026\";i:1;s:10:\"04-15-2026\";i:1;s:10:\"04-17-2026\";i:1;s:10:\"04-19-2026\";i:1;s:10:\"04-20-2026\";i:1;s:10:\"04-23-2026\";i:2;s:10:\"04-30-2026\";i:2;}"],"houzez_recently_viewed":["2026-04-30 12:08:33"],"_edit_lock":["1721036850:1"],"_edit_last":["1"],"fave_single_top_area":["global"],"fave_single_content_area":["global"],"_aioseo_title":[null],"_aioseo_description":[null],"_aioseo_keywords":["a:0:{}"],"_aioseo_og_title":[null],"_aioseo_og_description":[null],"_aioseo_og_article_section":[null],"_aioseo_og_article_tags":["a:0:{}"],"_aioseo_twitter_title":[null],"_aioseo_twitter_description":[null],"houzez_featured_listing_date":[""],"fave_property_images":["19762","19763","19767","19765","19766","19768"],"cmplz_hide_cookiebanner":[""],"_cmplz_scanned_post":["1"],"_eael_post_view_count":["1685"],"houzez_expired_listing_date":["2025-05-16 12:33:02"],"_elementor_page_assets":["a:0:{}"]},"_links":{"self":[{"href":"https:\/\/www.gastro-pacht.de\/gastronomie\/wp-json\/wp\/v2\/properties\/19769","targetHints":{"allow":["GET"]}}],"collection":[{"href":"https:\/\/www.gastro-pacht.de\/gastronomie\/wp-json\/wp\/v2\/properties"}],"about":[{"href":"https:\/\/www.gastro-pacht.de\/gastronomie\/wp-json\/wp\/v2\/types\/property"}],"author":[{"embeddable":true,"href":"https:\/\/www.gastro-pacht.de\/gastronomie\/wp-json\/wp\/v2\/users\/72"}],"version-history":[{"count":2,"href":"https:\/\/www.gastro-pacht.de\/gastronomie\/wp-json\/wp\/v2\/properties\/19769\/revisions"}],"predecessor-version":[{"id":19773,"href":"https:\/\/www.gastro-pacht.de\/gastronomie\/wp-json\/wp\/v2\/properties\/19769\/revisions\/19773"}],"wp:attachment":[{"href":"https:\/\/www.gastro-pacht.de\/gastronomie\/wp-json\/wp\/v2\/media?parent=19769"}],"wp:term":[{"taxonomy":"property_type","embeddable":true,"href":"https:\/\/www.gastro-pacht.de\/gastronomie\/wp-json\/wp\/v2\/property_type?post=19769"},{"taxonomy":"property_status","embeddable":true,"href":"https:\/\/www.gastro-pacht.de\/gastronomie\/wp-json\/wp\/v2\/property_status?post=19769"},{"taxonomy":"property_feature","embeddable":true,"href":"https:\/\/www.gastro-pacht.de\/gastronomie\/wp-json\/wp\/v2\/property_feature?post=19769"},{"taxonomy":"property_label","embeddable":true,"href":"https:\/\/www.gastro-pacht.de\/gastronomie\/wp-json\/wp\/v2\/property_label?post=19769"},{"taxonomy":"property_country","embeddable":true,"href":"https:\/\/www.gastro-pacht.de\/gastronomie\/wp-json\/wp\/v2\/property_country?post=19769"},{"taxonomy":"property_state","embeddable":true,"href":"https:\/\/www.gastro-pacht.de\/gastronomie\/wp-json\/wp\/v2\/property_state?post=19769"},{"taxonomy":"property_city","embeddable":true,"href":"https:\/\/www.gastro-pacht.de\/gastronomie\/wp-json\/wp\/v2\/property_city?post=19769"},{"taxonomy":"property_area","embeddable":true,"href":"https:\/\/www.gastro-pacht.de\/gastronomie\/wp-json\/wp\/v2\/property_area?post=19769"}],"curies":[{"name":"wp","href":"https:\/\/api.w.org\/{rel}","templated":true}]}}

<p>Das Kurhaus Bad Wurzach, attraktiv in der Tourismusregion Oberschwaben-Allgäu gelegen, bietet mehrere gastronomische Möglichkeiten unter einem Dach. Das Objekt umfasst folgende Räumlichkeiten:</p>
<p>Restaurant mit 156 Plätzen<br />
Nebenraum mit 50 Plätzen, der in 2 kleinere Nebenräume aufgeteilt werden kann<br />
Außenbereich mit 70 Plätzen<br />
Kursaal für Veranstaltungen mit bis zu 350 Plätzen</p>
<p>Lage:<br />
Das Kurhaus am Kurpark liegt eingebettet zwischen Kurgebiet und Innenstadt direkt an der Wurzacher Ach. Es ist über den Klosterplatz, der sich direkt vor dem historischen Gebäude Maria Rosengarten mit Naturschutzzentrum Wurzacher Ried und der Bad Wurzach Info befindet, attraktiv an die Innenstadt angebunden.</p>
<p>Die Kurstadt Bad Wurzach mit 14.370 Einwohnern befindet sich an der Oberschwäbischen Barockstraße, in der Tourismusregion Oberschwaben-Allgäu. Mittig gelegen zwischen Biberach, Memmingen, Wangen und Ravensburg mit 180.000 Übernachtungen und 100.000 Tagesgästen im Jahr. Das Wurzacher Ried, größtes intaktes Hochmoor Mitteleuropas, ausgezeichnet mit dem Europadiplom, ist hochattraktiv für Tagesgäste. Bad Wurzach liegt am Fernwanderweg „Wandertrilogie“, des Weiteren am Oberschwaben-Allgäu-Radweg und am Bäderradweg. Bad Wurzach ist ADFC zertifizierte Radreiseregion.</p>

<p>Das Kurhaus Bad Wurzach, attraktiv in der Tourismusregion Oberschwaben-Allgäu gelegen, bietet mehrere gastronomische Möglichkeiten unter einem Dach. Das Objekt umfasst folgende Räumlichkeiten: Restaurant mit 156 Plätzen Nebenraum mit 50 Plätzen, der in 2 kleinere Nebenräume aufgeteilt werden kann Außenbereich mit 70 Plätzen Kursaal für Veranstaltungen mit bis zu 350 Plätzen Lage: Das Kurhaus am Kurpark [&hellip;]</p>
