{"id":18671,"date":"2021-10-26T14:48:23","date_gmt":"2021-10-26T12:48:23","guid":{"rendered":"https:\/\/www.gastro-pacht.de\/gastronomie\/immobilien\/3-sterne-hotel-im-schwarzwald\/"},"modified":"2021-10-26T15:00:58","modified_gmt":"2021-10-26T13:00:58","slug":"3-sterne-hotel-im-schwarzwald","status":"publish","type":"property","link":"https:\/\/www.gastro-pacht.de\/gastronomie\/immobilien\/3-sterne-hotel-im-schwarzwald\/","title":{"rendered":"3 Sterne Hotel im Schwarzwald"},"content":{"rendered":"<p>Dieses Hotel im Landhausstil genie\u00dft eine ruhige Lage im Herzen des sch\u00f6nen<br \/>\nSchwarzwaldes. Das Haus bietet unter anderem eine Sonnenterrasse und einen beliebten Wellnessbereich mit Dampfsauna, russischem Holzbad, Infrarotkabine und&#8230;. Die Zimmer sind einfach und gem\u00fctlich ausgestattet und verf\u00fcgen \u00fcber eine Terrasse oder einen Balkon.<\/p>\n<p>Was das Objekt zu bieten hat<br \/>\no insgesamt 22 G\u00e4stezimmern<br \/>\no Fr\u00fchst\u00fccksraum<br \/>\no Bar mit Terrasse<br \/>\no Sauna\/Wellnessbereich<br \/>\no Stellpl\u00e4tz f\u00fcr ca. 24 PKW<\/p>\n<p>Lage<br \/>\no im Schwarzwald &#8211; an Frankreich grenzende (Gebirgsregion im S\u00fcdwesten Deutschlands)<br \/>\no viele Ausflugsm\u00f6glichkeiten direkt vom Hotel aus<br \/>\no Ca. 85 km vom Flughafen Karlsruhe \/ Baden-Baden entfernt<br \/>\no Heilb\u00e4derregion<br \/>\no Naturerholungsgebiet<\/p>\n<p>F\u00fcr Detailinformationen kontaktieren Sie uns<br \/>\nERA Immobilien Lienz &#8211; IMA Sovek Natascha &#8211; Mobil (0043) 0676 \/ 7800 237 \u2013<br \/>\nE-Mail: n.sovek@era.at \u2013 K\u00e4rntnerstrasse 26 9900 Lienz<\/p>\n","protected":false},"excerpt":{"rendered":"<p>Dieses Hotel im Landhausstil genie\u00dft eine ruhige Lage im Herzen des sch\u00f6nen Schwarzwaldes. Das Haus bietet unter anderem eine Sonnenterrasse und einen beliebten Wellnessbereich mit Dampfsauna, russischem Holzbad, Infrarotkabine und&#8230;. Die Zimmer sind einfach und gem\u00fctlich ausgestattet und verf\u00fcgen \u00fcber eine Terrasse oder einen Balkon. Was das Objekt zu bieten hat o insgesamt 22 G\u00e4stezimmern [&hellip;]<\/p>\n","protected":false},"author":11,"featured_media":18670,"parent":0,"menu_order":0,"template":"","property_type":[160,158],"property_status":[35],"property_feature":[],"property_label":[38],"property_country":[87],"property_state":[107],"property_city":[],"property_area":[],"class_list":["post-18671","property","type-property","status-publish","has-post-thumbnail","hentry","property_type-hotel","property_type-hotel-restaurant","property_status-zu-verkaufen","property_label-guter-zustand","property_country-deutschland","property_state-baden-wuerttemberg"],"aioseo_notices":[],"property_meta":{"fave_doppelzimmer":["22"],"fave_parkplc3a4tze":["24"],"fave_status":["Ge\u00f6ffnet"],"fave_property_price":["950000"],"fave_property_price_prefix":["Kauf:"],"fave_property_id":["18671"],"fave_additional_features_enable":["enable"],"fave_featured":["0"],"fave_loggedintoview":["0"],"fave_mortgage_cal":["0"],"fave_payment_status":["not_paid"],"fave_agent_display_option":["author_info"],"fave_property_map_address":["Schwarzwald, Deutschland"],"fave_property_address":["Schwarzwald, Deutschland"],"houzez_geolocation_lat":["48.2774862"],"houzez_geolocation_long":["8.185997"],"fave_property_location":["48.2774862,8.185997"],"fave_property_map":["1"],"fave_property_map_street_view":["hide"],"houzez_total_property_views":["5019"],"houzez_views_by_date":["a:61:{s:10:\"02-28-2026\";i:4;s:10:\"03-01-2026\";i:2;s:10:\"03-02-2026\";i:1;s:10:\"03-03-2026\";i:2;s:10:\"03-05-2026\";i:3;s:10:\"03-06-2026\";i:9;s:10:\"03-07-2026\";i:6;s:10:\"03-08-2026\";i:6;s:10:\"03-09-2026\";i:8;s:10:\"03-10-2026\";i:3;s:10:\"03-11-2026\";i:9;s:10:\"03-12-2026\";i:1;s:10:\"03-13-2026\";i:5;s:10:\"03-14-2026\";i:7;s:10:\"03-15-2026\";i:9;s:10:\"03-17-2026\";i:7;s:10:\"03-18-2026\";i:6;s:10:\"03-19-2026\";i:12;s:10:\"03-20-2026\";i:7;s:10:\"03-22-2026\";i:6;s:10:\"03-23-2026\";i:3;s:10:\"03-24-2026\";i:10;s:10:\"03-25-2026\";i:6;s:10:\"03-26-2026\";i:6;s:10:\"03-27-2026\";i:4;s:10:\"03-28-2026\";i:4;s:10:\"03-29-2026\";i:2;s:10:\"03-30-2026\";i:3;s:10:\"03-31-2026\";i:4;s:10:\"04-01-2026\";i:4;s:10:\"04-02-2026\";i:13;s:10:\"04-03-2026\";i:4;s:10:\"04-04-2026\";i:2;s:10:\"04-05-2026\";i:2;s:10:\"04-06-2026\";i:8;s:10:\"04-07-2026\";i:2;s:10:\"04-08-2026\";i:9;s:10:\"04-09-2026\";i:1;s:10:\"04-10-2026\";i:5;s:10:\"04-11-2026\";i:2;s:10:\"04-12-2026\";i:9;s:10:\"04-13-2026\";i:1;s:10:\"04-14-2026\";i:7;s:10:\"04-15-2026\";i:7;s:10:\"04-16-2026\";i:6;s:10:\"04-17-2026\";i:3;s:10:\"04-18-2026\";i:10;s:10:\"04-19-2026\";i:9;s:10:\"04-20-2026\";i:2;s:10:\"04-21-2026\";i:7;s:10:\"04-22-2026\";i:6;s:10:\"04-23-2026\";i:7;s:10:\"04-24-2026\";i:2;s:10:\"04-25-2026\";i:4;s:10:\"04-26-2026\";i:1;s:10:\"04-27-2026\";i:1;s:10:\"04-28-2026\";i:1;s:10:\"04-29-2026\";i:9;s:10:\"04-30-2026\";i:6;s:10:\"05-01-2026\";i:16;s:10:\"05-02-2026\";i:4;}"],"houzez_recently_viewed":["2026-05-02 13:59:59"],"_edit_lock":["1635253986:1"],"_edit_last":["1"],"fave_single_top_area":["global"],"fave_single_content_area":["global"],"_aioseo_title":[null],"_aioseo_description":[null],"_aioseo_keywords":[""],"_aioseo_og_title":[null],"_aioseo_og_description":[null],"_aioseo_og_article_section":[""],"_aioseo_og_article_tags":[""],"_aioseo_twitter_title":[null],"_aioseo_twitter_description":[null],"houzez_manual_expire":["0"],"_houzez_expiration_date_status":["saved"],"fave_virtual_tour":[""],"fave_property_year":[""],"fave_video_url":[""],"fave_property_images":["18670","18665","18666","18667","18668","18669"],"_thumbnail_id":["18670"],"fave_property_zip":[""],"additional_features":[""],"fave_energy_class":[""],"fave_energy_global_index":[""],"fave_renewable_energy_global_index":[""],"fave_energy_performance":[""],"fave_epc_current_rating":[""],"fave_epc_potential_rating":[""],"_eael_post_view_count":["3189"],"_cmplz_scanned_post":["1"],"_elementor_page_assets":["a:0:{}"]},"_links":{"self":[{"href":"https:\/\/www.gastro-pacht.de\/gastronomie\/wp-json\/wp\/v2\/properties\/18671","targetHints":{"allow":["GET"]}}],"collection":[{"href":"https:\/\/www.gastro-pacht.de\/gastronomie\/wp-json\/wp\/v2\/properties"}],"about":[{"href":"https:\/\/www.gastro-pacht.de\/gastronomie\/wp-json\/wp\/v2\/types\/property"}],"author":[{"embeddable":true,"href":"https:\/\/www.gastro-pacht.de\/gastronomie\/wp-json\/wp\/v2\/users\/11"}],"version-history":[{"count":0,"href":"https:\/\/www.gastro-pacht.de\/gastronomie\/wp-json\/wp\/v2\/properties\/18671\/revisions"}],"wp:featuredmedia":[{"embeddable":true,"href":"https:\/\/www.gastro-pacht.de\/gastronomie\/wp-json\/wp\/v2\/media\/18670"}],"wp:attachment":[{"href":"https:\/\/www.gastro-pacht.de\/gastronomie\/wp-json\/wp\/v2\/media?parent=18671"}],"wp:term":[{"taxonomy":"property_type","embeddable":true,"href":"https:\/\/www.gastro-pacht.de\/gastronomie\/wp-json\/wp\/v2\/property_type?post=18671"},{"taxonomy":"property_status","embeddable":true,"href":"https:\/\/www.gastro-pacht.de\/gastronomie\/wp-json\/wp\/v2\/property_status?post=18671"},{"taxonomy":"property_feature","embeddable":true,"href":"https:\/\/www.gastro-pacht.de\/gastronomie\/wp-json\/wp\/v2\/property_feature?post=18671"},{"taxonomy":"property_label","embeddable":true,"href":"https:\/\/www.gastro-pacht.de\/gastronomie\/wp-json\/wp\/v2\/property_label?post=18671"},{"taxonomy":"property_country","embeddable":true,"href":"https:\/\/www.gastro-pacht.de\/gastronomie\/wp-json\/wp\/v2\/property_country?post=18671"},{"taxonomy":"property_state","embeddable":true,"href":"https:\/\/www.gastro-pacht.de\/gastronomie\/wp-json\/wp\/v2\/property_state?post=18671"},{"taxonomy":"property_city","embeddable":true,"href":"https:\/\/www.gastro-pacht.de\/gastronomie\/wp-json\/wp\/v2\/property_city?post=18671"},{"taxonomy":"property_area","embeddable":true,"href":"https:\/\/www.gastro-pacht.de\/gastronomie\/wp-json\/wp\/v2\/property_area?post=18671"}],"curies":[{"name":"wp","href":"https:\/\/api.w.org\/{rel}","templated":true}]}}

<p>Dieses Hotel im Landhausstil genießt eine ruhige Lage im Herzen des schönen<br />
Schwarzwaldes. Das Haus bietet unter anderem eine Sonnenterrasse und einen beliebten Wellnessbereich mit Dampfsauna, russischem Holzbad, Infrarotkabine und&#8230;. Die Zimmer sind einfach und gemütlich ausgestattet und verfügen über eine Terrasse oder einen Balkon.</p>
<p>Was das Objekt zu bieten hat<br />
o insgesamt 22 Gästezimmern<br />
o Frühstücksraum<br />
o Bar mit Terrasse<br />
o Sauna/Wellnessbereich<br />
o Stellplätz für ca. 24 PKW</p>
<p>Lage<br />
o im Schwarzwald &#8211; an Frankreich grenzende (Gebirgsregion im Südwesten Deutschlands)<br />
o viele Ausflugsmöglichkeiten direkt vom Hotel aus<br />
o Ca. 85 km vom Flughafen Karlsruhe / Baden-Baden entfernt<br />
o Heilbäderregion<br />
o Naturerholungsgebiet</p>
<p>Für Detailinformationen kontaktieren Sie uns<br />
ERA Immobilien Lienz &#8211; IMA Sovek Natascha &#8211; Mobil (0043) 0676 / 7800 237 –<br />
E-Mail: n.sovek@era.at – Kärntnerstrasse 26 9900 Lienz</p>

<p>Dieses Hotel im Landhausstil genießt eine ruhige Lage im Herzen des schönen Schwarzwaldes. Das Haus bietet unter anderem eine Sonnenterrasse und einen beliebten Wellnessbereich mit Dampfsauna, russischem Holzbad, Infrarotkabine und&#8230;. Die Zimmer sind einfach und gemütlich ausgestattet und verfügen über eine Terrasse oder einen Balkon. Was das Objekt zu bieten hat o insgesamt 22 Gästezimmern [&hellip;]</p>

Geöffnet
